(-5)?
2, 3
Suppose 4*o = -7 + 19. Suppose -68 - 39 = -5*u + p, -o*u + 57 = -3*p. List the prime factors of u.
2, 11
Suppose -n + 12 = -5*n. Let x = 1 - n. Suppose 0 = 4*m - 2*t - x, t + 10 = 2*m + 4*t. List the prime factors of m.
2
Suppose 0 = 5*a - 2 + 17. Let z = a - -13. List the prime factors of z.
2, 5
Let b(p) be the first derivative of p**4/4 - 5*p**3/3 + 3*p**2/2 + 6. Suppose 4*j = 10 + 10. What are the prime factors of b(j)?
3, 5
Suppose -2*k + 4 = 2*n, 0 = -k - 3*n + 2 - 0. Let f = 11 - k. What are the prime factors of f?
3
What are the prime factors of (6 + 23)*(-1 + 2)?
29
Let a = -6 - -11. Let w = 10 - a. Suppose 2*j = -3*t + 12 + 16, -w*t - 20 = 0. List the prime factors of j.
2, 5
Suppose 0 = 4*a, -3*v - 33 - 3 = 4*a. Let j = 23 + v. Suppose j = 2*i - 11. List the prime factors of i.
11
Suppose -h + a = -25, -141 = -0*h - 5*h + a. What are the prime factors of h?
29
Let k(y) = -y**2 - 7*y - 2. Let q be k(-5). Suppose 3*b - b + q = 0. Let g = b - -17. What are the prime factors of g?
13
Let p(s) = 6*s**2 + 3*s + 4. Let c(m) = -6*m**2 - 4*m - 5. Let v(j) = 4*c(j) + 5*p(j). What are the prime factors of v(1)?
5
Let q = 3 + -7. Let f = 8 + q. What are the prime factors of f?
2
Let s be 2/(-8) - 39/(-12). Suppose 8 = s*j - 16. List the prime factors of j.
2
Let z be (-4)/(-8) - (-1)/2. Suppose 3*t = -2*i + 21, t + i - 9 = -z. List the prime factors of t.
5
Suppose t = -2*q + 33, 0*q - q - t = -15. Suppose 2*r + h = q, h = 3*h. What are the prime factors of r?
3
Let f = -4 - -56. Let z = -16 + f. What are the prime factors of z?
2, 3
Let s be (6/(-4))/((-12)/32). Let a(g) = 2*g**2 - 4*g + 3. What are the prime factors of a(s)?
19
Let v = 69 + -47. List the prime factors of v.
2, 11
Suppose 0 = -2*i - 0*i + 54. What are the prime factors of i?
3
Suppose -26 = 5*q + 4*v - 128, 3*q - 4*v = 42. Suppose 30 + q = 4*d. List the prime factors of d.
2, 3
Let i(p) = p**2 - 2*p - 3. Let n be i(3). Let y be (12/3 - 0) + -1. Let w = y - n. What are the prime factors of w?
3
Suppose -l - 3 = 2*l. What are the prime factors of 62/2*(-1)/l?
31
Let u be (0 - (-9)/(-6))*-2. Suppose -2*a = v - 6 + 2, 0 = 2*v + u*a - 8. Suppose 4 = -v*r - 5*o, -3*o - o - 36 = -5*r. List the prime factors of r.
2
Let z = 17 + -14. Suppose -3*w = 2*w - z*f - 57, 61 = 5*w - 4*f. What are the prime factors of w?
3
Let z = 21 + -19. Suppose 2*q - 8 = 0, w + 2*w = -z*q + 47. List the prime factors of w.
13
Suppose 4*z + 2 - 10 = 0. Suppose -y = 0, z*x + 1 - 25 = -y. List the prime factors of x.
2, 3
Let j(v) = -v - 1. Let z(l) = -6 - 6 + 6*l + 10. Let g(r) = -4*j(r) - z(r). What are the prime factors of g(-5)?
2
Let y = 12 + -10. Suppose -j = f - y, 17 - 7 = f - 3*j. What are the prime factors of f?
2
Let k(b) = b**3 + 10*b**2 - 11*b + 5. Let i be k(-11). What are the prime factors of 11 + i/(15/(-6))?
3
What are the prime factors of ((-1)/2)/(17/(-1734))?
3, 17
Let f(b) be the second derivative of -b**5/20 - 5*b**4/12 - b**3/2 - 7*b**2/2 + b. Let m be 1 + -2 + 1 + -5. List the prime factors of f(m).
2
Let i(m) = m. Let q be i(5). Suppose 0 = q*c - 10 - 10. List the prime factors of c.
2
Let k(a) = 5*a - 1. Let f be k(1). Let c(p) = -p**2 + 4*p + 3. Let r be c(f). Suppose r*q - 10 = 11. What are the prime factors of q?
7
Suppose -2*b + v + 185 = 0, -3*b - 38 + 318 = v. Suppose -4*u = 4*j - 108, -u + j + b = 2*u. Suppose -u = -2*t + 12. What are the prime factors of t?
3, 7
Suppose 16 = -4*c, 2*u + 7*c - 10 = 2*c. Let m be (-3)/5 - 66/u. List the prime factors of (-23)/(-5) - 2/m.
5
Let v(r) = -3*r**3 - 15*r**2 - 3*r - 16. Let w(h) = -h**3 - h**2 - 1. Let f(n) = v(n) - 2*w(n). What are the prime factors of f(-13)?
5
Let d(v) = v**3 + 7*v**2 - 8*v + 3. Let j be d(-8). What are the prime factors of j*4/(-6) + 23?
3, 7
Let w = -18 - -12. Let t be (w - (-3)/1) + 3. Suppose 3*n + 24 = 3*k, t = 4*k + 2*n - 0*n - 38. What are the prime factors of k?
3
Let a = 4 - 2. List the prime factors of 1014/18 + a/(-6).
2, 7
Let s = 92 - 47. Let k = s + -27. What are the prime factors of k?
2, 3
Suppose j + 240 = 3*h, -h = -4*h - 2*j + 240. List the prime factors of h.
2, 5
Let b be ((-2)/4)/(7/(-14)). What are the prime factors of (-1 - 2) + 30 - b?
2, 13
Let b = -1 + 1. Suppose b = u + 2 - 11. List the prime factors of -3*(-1)/(u/33).
11
Let c(f) = 3*f - 3*f + 8 - 2*f + f**2 + 7*f. What are the prime factors of c(-6)?
2, 7
Let r = 0 + 3. Let o be (-8)/(-36) + 140/18. Let b = o + r. List the prime factors of b.
11
Let o(i) = -i + 5 + 2 - 5 - 1. What are the prime factors of o(-2)?
3
Let u be (49/(-28))/(2/(-8)). Suppose -2*p + u = -5. What are the prime factors of p?
2, 3
Suppose 0 = r - 4*s + 19 - 6, 5*s - 32 = -4*r. Let q(d) = 5*d - 7. List the prime factors of q(r).
2
Let y be (-1 - -4)/(1 - 2). Let u = y + 7. Let m = 0 + u. List the prime factors of m.
2
Let u(h) be the second derivative of -h**3/2 - 2*h**2 + h. Let k be u(-7). Suppose 5*r = -4*w, -3*r - w + k = -2*w. List the prime factors of r.
2
Suppose -2*m + 59 = -187. What are the prime factors of m?
3, 41
Suppose -5*r = 2*r - 56. What are the prime factors of r?
2
What are the prime factors of (-6)/9 - (-83)/3?
3
Suppose 4*c + 261 = 7*c. List the prime factors of c.
3, 29
Suppose -i = -6*i + 1310. List the prime factors of (-2)/(-7) + i/14.
19
Let j be (-6)/(-3)*-1 - -1. Let z(i) be the third derivative of -i**4/3 - i**3/6 + 2*i**2. List the prime factors of z(j).
7
Suppose -4*n - 1 = -4*f + 3, -23 = -4*n - 5*f. Let z = -2 - n. What are the prime factors of ((-3)/(-2))/((-2)/z)?
3
Let v(u) = u**2 - 2*u + 3. Let j be v(2). Let i = j + -4. List the prime factors of (0 + 2 - i)*1.
3
Let s be ((-42)/(-15) - 0)*5. Let g = s + 1. What are the prime factors of g?
3, 5
Suppose -3*w = 5*l + 89, -3*l + 38 = -5*l - 2*w. Let f = 29 + l. What are the prime factors of f?
13
Let h = -8 - -27. Suppose -5*p = -3*p - 5*u + h, -13 = -p - 2*u. Suppose -p*q + 2*q = -5. What are the prime factors of q?
5
Let r = -6 + 1. Let u = r - -16. Suppose -10 = -3*n + u. List the prime factors of n.
7
Let n(c) = -c**3 - 3*c**2 + c - 2. Let v(t) = 2*t**2 - 3*t. Let q be v(2). Let o be (-15)/4 - q/8. List the prime factors of n(o).
2, 5
Let j = 3 - -1. Suppose j*v = k + 15, -2*k = -7*k - 4*v - 51. What are the prime factors of (0 - k) + (-2)/2?
2, 5
Suppose 14*m - 12*m - 376 = 0. List the prime factors of m.
2, 47
Let w(h) = -10*h**3 + h**2 + 2*h. Let g be w(-2). Suppose 0*b - 3*b + 59 = 2*k, 4*b + 3*k = g. List the prime factors of b.
17
Suppose -4*s - 44 + 604 = -5*a, 0 = 3*s - 4*a - 419. List the prime factors of s.
5, 29
Let h(v) = 3*v - 23. List the prime factors of h(11).
2, 5
Let p be (0 + 0)/(1 + -2). Suppose -h + p*h = -18. List the prime factors of h.
2, 3
Let w = 9 - 6. Let o(h) = 1 - h**2 + 3 - 2 - 5*h + h**w. List the prime factors of o(3).
5
Suppose -4*q - 129 = -7*q. List the prime factors of q.
43
Let t(m) = -m**3 - m**2 - 2*m - 3. Let p be t(-2). Suppose -36 = u - p*u. List the prime factors of u.
3
Let m be (24/9)/(2/6). Suppose 28 - m = 2*z. What are the prime factors of z?
2, 5
Suppose 0 = -8*b + 4*b + 116. Suppose 0 = -s + b - 11. What are the prime factors of s?
2, 3
Let z(d) = 4*d - 7 + 3 - 3. Suppose -5*j + 3 + 2 = -2*s, 12 = 4*j. List the prime factors of z(s).
13
Let z(d) = -d**3 + 3*d**2 + 3*d - 4. Let o be 1/(-4) - 13/(-4). Let c be z(o). Suppose 5*f - 16 = 2*x, -3*f + 19 = c*x - 3. List the prime factors of x.
2
Let l be (-18 - -3)*(-2)/6. Suppose -f + 4*f - 3*r = 39, l*r + 5 = -f. List the prime factors of f.
2, 5
Let s(g) = g + 19. Let m be s(-15). Suppose 35 = m*a + a. List the prime factors of a.
7
Let j(u) = u**2 - 8*u + 9. Let o be j(7). Let d(q) = -6 + 5 + q - 3 + q**o + 4*q. What are the prime factors of d(-7)?
2, 5
Let n(g) = -g**3 + 4*g**2 + 4*g + 7. Suppose 5 = 3*o - 7. Let t be (-10)/4*(o + -6). List the prime factors of n(t).
2
Let s = 309 - 132. List the prime factors of s.
3, 59
Let i(n) = -7*n - 4. What are the prime factors of i(-2)?
2, 5
Suppose 2*j - 10 = 0, -20 = -4*a - a + 2*j. Let m(k) = 3*k - a + k - 3. What are the prime factors of m(6)?
3, 5
Let m = 14 + -2. Let l = m + -7. Suppose l*o - o - 40 = 0. What are the prime factors of o?
2, 5
Suppose -q - 3*v = 9 - 3, -q - 2 = 2*v. List the prime factors of q*2/(-4